. What is p(-10)?
6
Let v(b) = -8*b**2 - 3*b - 6. What is v(2)?
-44
Let r(w) = w**3 + 8*w**2 + w - 8. What is r(-7)?
34
Let z(c) = c**3 + 9*c**2 - 5*c - 5. Calculate z(-10).
-55
Let w(u) = -13*u - 44. Calculate w(-3).
-5
Let f(t) = 21*t + 9. Give f(-3).
-54
Let p(i) = -i**3 - 15*i**2 - 13*i + 34. What is p(-14)?
20
Let i(z) = -z**2 + 19*z + 24. Determine i(20).
4
Let z(w) = 2*w**2 - 1. Calculate z(2).
7
Let g(k) = 2*k**2 + 5*k - 21. What is g(-7)?
42
Let k(y) = -y + 18. Determine k(-12).
30
Let x(q) = -13*q - 5. What is x(-1)?
8
Let a(y) = -y**2 - 34*y + 67. Give a(2).
-5
Let n(g) = 2*g - 22. Calculate n(-18).
-58
Let d(n) = -16*n**2 + 1. Determine d(-1).
-15
Let y(b) = -b**2 + 21*b. Determine y(16).
80
Let x(j) = 5*j - 15. Give x(6).
15
Let j(h) = -2*h**2 - 46*h - 55. Give j(-21).
29
Let g(w) = 3*w**2 - 22*w + 7. Determine g(6).
-17
Let o(a) = -5*a - 81. Determine o(-16).
-1
Let w(d) = -3*d**3 - d**2 - 2*d - 2. Determine w(-1).
2
Let z(n) = -n**3 + 2*n**2 + n + 8. What is z(3)?
2
Let s(i) = -3*i. Determine s(-4).
12
Let m(j) = -j**3 - 4*j**2 + 4*j + 1. Determine m(-4).
-15
Let m(q) = -q**3 + 11*q**2 + 26*q - 2. Give m(13).
-2
Let b(l) = -12*l + 126. What is b(11)?
-6
Let y(m) = 3*m**2 + 10*m - 50. Determine y(-7).
27
Let j(a) = -7*a + 6. Calculate j(4).
-22
Let v(f) = 13*f**2 - 74*f - 19. What is v(6)?
5
Let s(u) = -26*u - 1. What is s(1)?
-27
Let y(k) = -2*k - 37. Give y(-19).
1
Let k(t) = -t**2 + 12*t - 14. Calculate k(11).
-3
Let t(r) = r**3 - 6*r**2 + 3*r + 7. Give t(4).
-13
Let d(c) = -c**2 + 9*c + 11. Determine d(12).
-25
Let r(p) = p**3 + 6*p**2 - 9*p - 65. Give r(-5).
5
Let o(f) = 5*f - 151. Give o(29).
-6
Let l(j) = j**3 + 8*j**2 + 3*j - 4. Give l(-7).
24
Let r(k) = k**2 + 7*k + 7. Give r(-6).
1
Let a(l) = -6*l - 4. Give a(3).
-22
Let j(l) = 11*l + 68. What is j(-6)?
2
Let v(j) = j**2 + 10*j - 5. What is v(-10)?
-5
Let k(j) = 9*j + 37. Give k(-11).
-62
Let p(m) = m**3 - 6*m - 1. What is p(-4)?
-41
Let d(o) = -4*o - 4. Give d(-5).
16
Let y(a) = a**3 + 7*a**2 + 5*a + 13. Determine y(-5).
38
Let p(f) = -f**2 + 9*f + 4. Give p(7).
18
Let o(d) = -3*d - 1. Give o(-3).
8
Let g(y) = -y**2 + 18*y + 20. What is g(18)?
20
Let g(q) = -q**3 + 27*q**2 - 26*q + 24. Calculate g(26).
24
Let i(m) = 6*m + 10. What is i(-2)?
-2
Let f(j) = -j - 5. Calculate f(-11).
6
Let q(y) = -7*y - 19. Calculate q(7).
-68
Let p(w) = -w**3 - 4*w**2 - 5*w - 8. Calculate p(-3).
-2
Let z(k) = 61*k**3 + k**2 + k - 2. What is z(1)?
61
Let m(v) = -2*v**2 - 18*v - 23. Calculate m(-8).
-7
Let c(n) = -n**3 - 14*n**2 - 23*n + 11. Calculate c(-12).
-1
Let k(i) = -36*i - 63. What is k(-2)?
9
Let k(n) = -4*n + 98. What is k(22)?
10
Let x(t) = t**3 - 10*t**2 - 12*t + 3. Give x(11).
-8
Let h(o) = -o**3 - 15*o**2 - 25*o + 14. Calculate h(-13).
1
Let w(p) = 18*p. Calculate w(-3).
-54
Let x(v) = 10*v + 19. What is x(-2)?
-1
Let u(v) = 4*v**3 - 3*v**2 - 2*v - 4. What is u(3)?
71
Let x(h) = h**3 - 15*h**2 + h - 15. What is x(15)?
0
Let u(l) = -8*l**2 + 49*l. Give u(6).
6
Let m(d) = -d + 11. Calculate m(11).
0
Let c(o) = -4*o - 15. Determine c(-6).
9
Let j(s) = s**2 + 14*s + 42. Give j(-14).
42
Let q(s) = s**3 - 5*s - 8. What is q(-2)?
-6
Let y(g) = -5*g + 65. Give y(11).
10
Let g(v) = v + 3. What is g(8)?
11
Let x(v) = -94*v + 470. Give x(5).
0
Let q(n) = -n**3 + 3*n**2 + 5*n - 13. What is q(4)?
-9
Let c(p) = 4*p - 6. Determine c(-3).
-18
Let z(q) = 4*q + 35. Give z(-7).
7
Let h(g) = -g - 5. Give h(0).
-5
Let h(p) = p**3 - 12*p**2 - 26*p - 7. Calculate h(14).
21
Let g(f) = -f**3 + 13*f**2 - 23*f + 23. Give g(11).
12
Let d(h) = -2*h - 3. Determine d(-3).
3
Let o(p) = -p**2 - 5*p + 6. Calculate o(-2).
12
Let n(i) = -2*i**3 + 33*i**2 - 70*i - 6. Determine n(14).
-6
Let z(n) = -n**2 + 12*n - 30. Give z(4).
2
Let r(m) = -m**3 + 6*m**2 - 5*m - 3. Calculate r(5).
-3
Let t(i) = 6*i + 93. Determine t(-16).
-3
Let x(h) = -h**3 - 2*h**2 - 44. What is x(0)?
-44
Let h(b) = 4*b + 7. Calculate h(-12).
-41
Let p(t) = t**3 + 5*t**2 - 13*t - 10. Give p(-7).
-17
Let t(z) = -10*z**2 - 3*z - 1. Calculate t(-1).
-8
Let j(t) = -t**3 + 3*t**2 - 16*t + 32. Calculate j(2).
4
Let q(r) = -4*r**3 - 5*r**2 + r + 2. Determine q(-3).
62
Let x(g) = g**2 - 31*g - 93. Calculate x(34).
9
Let f(i) = -3*i - 7. Give f(0).
-7
Let c(n) = -n - 16. Determine c(-8).
-8
Let x(y) = -y**3 - 5*y**2 + 3*y - 4. What is x(-6)?
14
Let g(c) = -c**2 - 12*c + 21. Give g(-13).
8
Let d(k) = -k**3 + 10*k**2 - k + 4. What is d(10)?
-6
Let k(w) = -2*w**3 - 12*w**2 + 17*w + 23. Determine k(-7).
2
Let l(a) = -4*a**3 + a + 1. What is l(-1)?
4
Let k(o) = o**3 + 10*o**2 + 11*o + 18. Calculate k(-9).
0
Let d(q) = -q**2 - 20*q - 14. Give d(-20).
-14
Let t(w) = w + 1. What is t(4)?
5
Let s(g) = 8*g**2 - 5*g + 5. Determine s(1).
8
Let w(v) = -5*v**2 - v - 2. Determine w(-3).
-44
Let n(m) = -4*m**2 - 9*m. Calculate n(-4).
-28
Let b(k) = -6*k - 43. Give b(-12).
29
Let y(r) = -3*r - 4. What is y(-3)?
5
Let r(z) = -z**3 - 8*z**2 + 2*z + 1. Determine r(-8).
-15
Let v(q) = -3*q + 42. Determine v(13).
3
Let r(d) = -18*d**2. What is r(-1)?
-18
Let s(r) = r**3 + 26*r**2 + 50*r + 47. Give s(-24).
-1
Let h(x) = x**3 + 10*x**2 + 15*x - 11. What is h(-8)?
-3
Let q(m) = -m**3 + 5*m**2 + 11*m + 17. Determine q(7).
-4
Let b(q) = -q**2 + 7*q + 3. Give b(7).
3
Let w(p) = -p**3 + 3*p**2 - 2*p + 8. Determine w(0).
8
Let z(m) = m**3 - m**2 - 10*m + 2. Determine z(-3).
-4
Let i(o) = -5*o**2 + 6*o + 12. What is i(-4)?
-92
Let y(a) = a**3 + 10*a**2 - 9*a + 11. Calculate y(-11).
-11
Let g(p) = -p**3 + 5*p**2 - 6*p + 6. What is g(4)?
-2
Let a(j) = 2*j - 50. Determine a(10).
-30
Let r(h) = h**3 + 6*h**2 + 3*h - 6. Give r(-6).
-24
Let i(t) = t**2 + 16*t + 53. What is i(-6)?
-7
Let w(q) = 8*q**2 + 3*q - 6. Determine w(2).
32
Let v(u) = u**3 + 44*u**2 - 7. Give v(-44).
-7
Let s(o) = o**3 - 14*o**2 - o + 20. Give s(14).
6
Let c(r) = -r**3 + 9*r**2 - 4*r + 3. Determine c(9).
-33
Let o(p) = 4*p + 13. Determine o(-2).
5
Let n(p) = 3*p + 43. Give n(-16).
-5
Let f(d) = -d**3 - 5*d**2 + 4*d - 19. Calculate f(-6).
-7
Let d(y) = -y**2 - 14*y + 1. Determine d(-16).
-31
Let x(v) = -3*v**3 + 5*v + 6. Determine x(-2).
20
Let t(m) = -m**2 + 10*m. Calculate t(10).
0
Let m(f) = -f - 5. What is m(0)?
-5
Let o(g) = g**3 + 29*g**2 - 28*g + 48. Give o(-30).
-12
Let q(p) = -16*p + 66. Determine q(5).
-14
Let z(y) = y**2 + 6*y - 8. Give z(-11).
47
Let o(s) = -s**2 - 11*s + 47. What is o(-14)?
5
Let c(z) = 10*z**2 + 23*z + 1. Give c(-2).
-5
Let u(v) = -v**2 - 19*v + 9. Give u(-8).
97
Let p(n) = 7*n + 99. Determine p(-15).
-6
Let d(i) = -i**3 + 9*i**2 + 15*i - 8. Calculate d(-2).
6
Let h(i) = -i**3 + 5*i**2 + 7*i - 1. Give h(6).
5
Let m(q) = -3*q**2 - 96*q - 4. What is m(-32)?
-4
Let x(j) = 2*j**2 - 27*j - 81. What is x(16)?
-1
Let x(s) = -4*s - 34. What is x(-6)?
-10
Let u(v) = v**2 - 27*v + 28. Calculate u(26).
2
Let h(o) = 53*o + 206. Give h(-4).
-6
Let g(c) = -35*c**3 + 1. Give g(-1).
36
Let i(x) = x**2 + 13*x + 15. Give i(-12).
3
Let b(k) = k + 23. What is b(-11)?
12
Let w(i) = 20*i + 3. Give w(-2).
-37
Let r(b) = 2*b**2 + 6*b - 19. What is r(-6)?
17
Let g(b) = -b**3 + 4*b**2 + 3*b + 2. What is g(5)?
-8
Let i(q) = -3*q**3 + 7*q**2 - 6*q + 2. Determine i(2).
-6
Let d(w) = 2*w**3 - 15*w**2 + 7*w + 1. What is d(7)?
1
Let l(k) = k**2 - 17*k - 64. Give l(24).
104
Let u(o) = -62*o - 5. What is u(-2)?
119
Let f(v) = -4*v - 2. What is f(-4)?
14
Let z(r) = r**2 - 72*r - 301. Calculate z(-4).
3
Let g(v) = -v**2 + 25*v + 2. Calculate g(25).
2
Let a(y) = -y**2 - 14*y - 23. Determine a(-8).
25
Let x(s) = s**2 - 14*s + 25. Give x(13).
12
Let f(j) = j**3 - 22*j**2 + 24*j - 51. Calculate f(21).
12
Let l(i) = -i - 12. What is l(5)?
-17
Let x(o) = 16*o - 346. What is x(21)?
-10
Let x(w) = -w**2 - 15*w + 23. Determine x(-16).
7
Let v(h) = -h**3 - 2*h - 9. Calculate v(0).
-9
Let v(c) = -2*c**3 - c**2 - 3*c - 3. Calculate v(2).
-29
Let d(y) = -y**3 - 6*y**2 - 2*y + 9. Calculate d(-5).
-6
Let b(v) = -16*v**2 - 11*v - 1. Calculate b(-1).
-6
Let r(b) = b**3 - 3*b**2 + 3*b - 2. Determine r(3).
7
Let n(l) = -l**2 - l + 51. What is n(0)?
51
Let d(h) = 14*h**2 - 2*h - 3. Calculate d(-1).
13
Let f(b) = -b**3 - 6*b**2 - 2*b - 1. Determine f(-6).
11
Let k(g) = 28*g**2 + 1. Determine k(1).
29
Let g(v) = -v**2 + 5*v + 17. Calculate